{"id":613,"date":"2025-11-10T07:31:35","date_gmt":"2025-11-10T07:31:35","guid":{"rendered":"https:\/\/mustigeziyor.com\/esya\/?post_type=product&#038;p=613"},"modified":"2025-11-10T07:31:35","modified_gmt":"2025-11-10T07:31:35","slug":"ikinci-el-sulama-vanalari-sulama-aparatlari-plastik-ve-saglam-malzemeler","status":"publish","type":"product","link":"https:\/\/mustigeziyor.com\/esya\/urun\/ikinci-el-sulama-vanalari-sulama-aparatlari-plastik-ve-saglam-malzemeler\/","title":{"rendered":"\u0130kinci el sulama vanalar\u0131 sulama aparatlar\u0131 plastik ve sa\u011flam malzemeler"},"content":{"rendered":"","protected":false},"excerpt":{"rendered":"<p>\u0130kinci el sulama vanalar\u0131 Otomatik Sulama Kontrol \u00dcniteleri Damlatma vanas\u0131, sulama sistemlerinde suyun bitkilere do\u011frudan ula\u015fmas\u0131n\u0131 sa\u011flayarak, su tasarrufu Zaman Saati; Musluk Tipi Ba\u011flant\u0131l\u0131 Otomatik Sulama Kontrol; Solenoid Vana &#8211; Otomatik Sulama Vanalar\u0131<\/p>\n","protected":false},"featured_media":614,"template":"","meta":[],"product_brand":[],"product_cat":[15],"product_tag":[],"class_list":{"0":"post-613","1":"product","2":"type-product","3":"status-publish","4":"has-post-thumbnail","6":"product_cat-ikinci-el-esya","8":"first","9":"instock","10":"sale","11":"shipping-taxable","12":"purchasable","13":"product-type-simple"},"_links":{"self":[{"href":"https:\/\/mustigeziyor.com\/esya\/wp-json\/wp\/v2\/product\/613","targetHints":{"allow":["GET"]}}],"collection":[{"href":"https:\/\/mustigeziyor.com\/esya\/wp-json\/wp\/v2\/product"}],"about":[{"href":"https:\/\/mustigeziyor.com\/esya\/wp-json\/wp\/v2\/types\/product"}],"wp:featuredmedia":[{"embeddable":true,"href":"https:\/\/mustigeziyor.com\/esya\/wp-json\/wp\/v2\/media\/614"}],"wp:attachment":[{"href":"https:\/\/mustigeziyor.com\/esya\/wp-json\/wp\/v2\/media?parent=613"}],"wp:term":[{"taxonomy":"product_brand","embeddable":true,"href":"https:\/\/mustigeziyor.com\/esya\/wp-json\/wp\/v2\/product_brand?post=613"},{"taxonomy":"product_cat","embeddable":true,"href":"https:\/\/mustigeziyor.com\/esya\/wp-json\/wp\/v2\/product_cat?post=613"},{"taxonomy":"product_tag","embeddable":true,"href":"https:\/\/mustigeziyor.com\/esya\/wp-json\/wp\/v2\/product_tag?post=613"}],"curies":[{"name":"wp","href":"https:\/\/api.w.org\/{rel}","templated":true}]}}