{"id":481,"date":"2024-06-05T06:19:32","date_gmt":"2024-06-05T06:19:32","guid":{"rendered":"https:\/\/mustigeziyor.com\/esya\/?post_type=product&#038;p=481"},"modified":"2024-06-05T06:19:32","modified_gmt":"2024-06-05T06:19:32","slug":"2-el-hidrolik-piston-yagli-hidrolik-piston-60-cm-hidrolik-piston-fiyatlari","status":"publish","type":"product","link":"https:\/\/mustigeziyor.com\/esya\/urun\/2-el-hidrolik-piston-yagli-hidrolik-piston-60-cm-hidrolik-piston-fiyatlari\/","title":{"rendered":"2.el hidrolik piston Ya\u011fl\u0131 Hidrolik Piston 60 cm Hidrolik Piston Fiyatlar\u0131"},"content":{"rendered":"<div id=\"attachment_482\" style=\"width: 785px\" class=\"wp-caption aligncenter\"><img loading=\"lazy\" decoding=\"async\" aria-describedby=\"caption-attachment-482\" class=\"wp-image-482 size-full\" title=\"2.el hidrolik piston\" src=\"https:\/\/mustigeziyor.com\/esya\/wp-content\/uploads\/2024\/06\/2.el-hidrolik-piston-2.png\" alt=\"\" width=\"775\" height=\"634\" srcset=\"https:\/\/mustigeziyor.com\/esya\/wp-content\/uploads\/2024\/06\/2.el-hidrolik-piston-2.png 775w, https:\/\/mustigeziyor.com\/esya\/wp-content\/uploads\/2024\/06\/2.el-hidrolik-piston-2-300x245.png 300w, https:\/\/mustigeziyor.com\/esya\/wp-content\/uploads\/2024\/06\/2.el-hidrolik-piston-2-768x628.png 768w, https:\/\/mustigeziyor.com\/esya\/wp-content\/uploads\/2024\/06\/2.el-hidrolik-piston-2-600x491.png 600w\" sizes=\"auto, (max-width: 775px) 100vw, 775px\" \/><p id=\"caption-attachment-482\" class=\"wp-caption-text\">2.el hidrolik piston<\/p><\/div>\n<p><img loading=\"lazy\" decoding=\"async\" class=\"aligncenter size-full wp-image-483\" src=\"https:\/\/mustigeziyor.com\/esya\/wp-content\/uploads\/2024\/06\/2.el-hidrolik-piston-3.png\" alt=\"\" width=\"532\" height=\"631\" title=\"\" srcset=\"https:\/\/mustigeziyor.com\/esya\/wp-content\/uploads\/2024\/06\/2.el-hidrolik-piston-3.png 532w, https:\/\/mustigeziyor.com\/esya\/wp-content\/uploads\/2024\/06\/2.el-hidrolik-piston-3-253x300.png 253w\" sizes=\"auto, (max-width: 532px) 100vw, 532px\" \/> <img loading=\"lazy\" decoding=\"async\" class=\"aligncenter size-full wp-image-484\" src=\"https:\/\/mustigeziyor.com\/esya\/wp-content\/uploads\/2024\/06\/2.el-hidrolik-piston-1.png\" alt=\"\" width=\"919\" height=\"628\" title=\"\" srcset=\"https:\/\/mustigeziyor.com\/esya\/wp-content\/uploads\/2024\/06\/2.el-hidrolik-piston-1.png 919w, https:\/\/mustigeziyor.com\/esya\/wp-content\/uploads\/2024\/06\/2.el-hidrolik-piston-1-300x205.png 300w, https:\/\/mustigeziyor.com\/esya\/wp-content\/uploads\/2024\/06\/2.el-hidrolik-piston-1-768x525.png 768w, https:\/\/mustigeziyor.com\/esya\/wp-content\/uploads\/2024\/06\/2.el-hidrolik-piston-1-600x410.png 600w\" sizes=\"auto, (max-width: 919px) 100vw, 919px\" \/><\/p>\n","protected":false},"excerpt":{"rendered":"<p>2.el hidrolik piston Sahibinden ve se\u00e7kin ma\u011fazalardan ikinci el i\u015f makinalar\u0131, trakt\u00f6rler, jenerat\u00f6r ve sanayi makinalar\u0131 T\u00fcrkiye&#8217;nin ilan sitesi Toptan ya\u011f manuel hidrolik \u0130kinci El Piston Motor Yedek Par\u00e7a \u00fcr\u00fcnleri mi ar\u0131yorsunuz? Motor Yedek Par\u00e7a \u00fcr\u00fcnleri fiyatlar\u0131 ve modelleri \u00fccretsiz kargo se\u00e7enekleriyle pres el pompas\u0131 30T s\u0131cak sat\u0131\u015f Tank silindir manuel hidrolik pompa ile 150 ton RRH \u00e7ift etkili merkez delikli hidrolik silindirler, pistonu hem ilerletmek hem de geri<\/p>\n","protected":false},"featured_media":483,"template":"","meta":[],"product_brand":[],"product_cat":[32],"product_tag":[],"class_list":{"0":"post-481","1":"product","2":"type-product","3":"status-publish","4":"has-post-thumbnail","6":"product_cat-ikinci-el-is-makineleri","8":"first","9":"instock","10":"sale","11":"shipping-taxable","12":"purchasable","13":"product-type-simple"},"_links":{"self":[{"href":"https:\/\/mustigeziyor.com\/esya\/wp-json\/wp\/v2\/product\/481","targetHints":{"allow":["GET"]}}],"collection":[{"href":"https:\/\/mustigeziyor.com\/esya\/wp-json\/wp\/v2\/product"}],"about":[{"href":"https:\/\/mustigeziyor.com\/esya\/wp-json\/wp\/v2\/types\/product"}],"wp:featuredmedia":[{"embeddable":true,"href":"https:\/\/mustigeziyor.com\/esya\/wp-json\/wp\/v2\/media\/483"}],"wp:attachment":[{"href":"https:\/\/mustigeziyor.com\/esya\/wp-json\/wp\/v2\/media?parent=481"}],"wp:term":[{"taxonomy":"product_brand","embeddable":true,"href":"https:\/\/mustigeziyor.com\/esya\/wp-json\/wp\/v2\/product_brand?post=481"},{"taxonomy":"product_cat","embeddable":true,"href":"https:\/\/mustigeziyor.com\/esya\/wp-json\/wp\/v2\/product_cat?post=481"},{"taxonomy":"product_tag","embeddable":true,"href":"https:\/\/mustigeziyor.com\/esya\/wp-json\/wp\/v2\/product_tag?post=481"}],"curies":[{"name":"wp","href":"https:\/\/api.w.org\/{rel}","templated":true}]}}